{"id":2264,"date":"2026-04-22T09:45:29","date_gmt":"2026-04-22T09:45:29","guid":{"rendered":"https:\/\/csmj.gov.mz\/?page_id=2264"},"modified":"2026-04-30T07:10:36","modified_gmt":"2026-04-30T07:10:36","slug":"comissao-permanente","status":"publish","type":"page","link":"https:\/\/csmj.gov.mz\/?page_id=2264","title":{"rendered":"Comiss\u00e3o permanente"},"content":{"rendered":"\t\t<div data-elementor-type=\"wp-page\" data-elementor-id=\"2264\" class=\"elementor elementor-2264\">\n\t\t\t\t<div class=\"elementor-element elementor-element-716019e e-flex e-con-boxed wpr-particle-no wpr-jarallax-no wpr-parallax-no wpr-sticky-section-no e-con e-parent\" data-id=\"716019e\" data-element_type=\"container\" data-e-type=\"container\" data-settings=\"{&quot;background_background&quot;:&quot;gradient&quot;}\">\n\t\t\t\t\t<div class=\"e-con-inner\">\n\t\t\t\t<div class=\"elementor-element elementor-element-df9b581 elementor-widget__width-initial elementor-widget elementor-widget-text-editor\" data-id=\"df9b581\" data-element_type=\"widget\" data-e-type=\"widget\" data-widget_type=\"text-editor.default\">\n\t\t\t\t\t\t\t\t\t<h1><span style=\"color: #000000;\"><strong>Composi\u00e7\u00e3o<\/strong><\/span><\/h1>\t\t\t\t\t\t\t\t<\/div>\n\t\t\t\t\t<\/div>\n\t\t\t\t<\/div>\n\t\t<div class=\"elementor-element elementor-element-71bfdcd e-flex e-con-boxed wpr-particle-no wpr-jarallax-no wpr-parallax-no wpr-sticky-section-no e-con e-parent\" data-id=\"71bfdcd\" data-element_type=\"container\" data-e-type=\"container\">\n\t\t\t\t\t<div class=\"e-con-inner\">\n\t\t\t\t<div class=\"elementor-element elementor-element-ca22e91 elementor-widget elementor-widget-text-editor\" data-id=\"ca22e91\" data-element_type=\"widget\" data-e-type=\"widget\" data-widget_type=\"text-editor.default\">\n\t\t\t\t\t\t\t\t\t<p><span style=\"color: #000000;\">A Comiss\u00e3o Permanente \u00e9 composta por seis membros, sendo tr\u00eas magistrados judiciais, um dos membros designados pelo Presidente da Rep\u00fablica, dois membros eleitos pela Assembleia da Rep\u00fablica, al\u00e9m do Presidente e do Vice-Presidente.<\/span><\/p><p><span style=\"color: #000000;\">Os membros da Comiss\u00e3o Permanente s\u00e3o eleitos na primeira sess\u00e3o plen\u00e1ria.<\/span><\/p>\t\t\t\t\t\t\t\t<\/div>\n\t\t\t\t\t<\/div>\n\t\t\t\t<\/div>\n\t\t<div class=\"elementor-element elementor-element-76eda1c e-flex e-con-boxed wpr-particle-no wpr-jarallax-no wpr-parallax-no wpr-sticky-section-no e-con e-parent\" data-id=\"76eda1c\" data-element_type=\"container\" data-e-type=\"container\" data-settings=\"{&quot;background_background&quot;:&quot;gradient&quot;}\">\n\t\t\t\t\t<div class=\"e-con-inner\">\n\t\t\t\t<div class=\"elementor-element elementor-element-942affe elementor-widget__width-initial elementor-widget elementor-widget-text-editor\" data-id=\"942affe\" data-element_type=\"widget\" data-e-type=\"widget\" data-widget_type=\"text-editor.default\">\n\t\t\t\t\t\t\t\t\t<h1><span style=\"color: #000000;\"><strong>Compet\u00eancias<\/strong><\/span><\/h1>\t\t\t\t\t\t\t\t<\/div>\n\t\t\t\t\t<\/div>\n\t\t\t\t<\/div>\n\t\t<div class=\"elementor-element elementor-element-916802a e-flex e-con-boxed wpr-particle-no wpr-jarallax-no wpr-parallax-no wpr-sticky-section-no e-con e-parent\" data-id=\"916802a\" data-element_type=\"container\" data-e-type=\"container\">\n\t\t\t\t\t<div class=\"e-con-inner\">\n\t\t\t\t<div class=\"elementor-element elementor-element-82b09cd elementor-widget elementor-widget-text-editor\" data-id=\"82b09cd\" data-element_type=\"widget\" data-e-type=\"widget\" data-widget_type=\"text-editor.default\">\n\t\t\t\t\t\t\t\t\t<p><span style=\"color: #000000;\">\u00c0 Comiss\u00e3o Permanente compete, no intervalo entre as sess\u00f5es plen\u00e1rias:<\/span><\/p><ul class=\"wp-block-list\"><li><span style=\"color: #000000;\">nomear, colocar, transferir, promover, exonerar, apreciar o m\u00e9rito profissional, exercer a ac\u00e7\u00e3o disciplinar e praticar os actos de id\u00eantica natureza respeitantes aos Ju\u00edzes de Direito;<\/span><\/li><\/ul><ul class=\"wp-block-list\"><li><span style=\"color: #000000;\">analisar o projecto de or\u00e7amento anual do Conselho Superior da Magistratura Judicial;<\/span><\/li><\/ul><ul class=\"wp-block-list\"><li><span style=\"color: #000000;\">executar as delibera\u00e7\u00f5es do Plen\u00e1rio e exercer as fun\u00e7\u00f5es que lhe tiverem sido delegadas;<\/span><\/li><\/ul><p><span style=\"color: #000000;\">apreciar o m\u00e9rito profissional e exercer a ac\u00e7\u00e3o disciplinar\u00a0 sobre os oficiais de justi\u00e7a (devendo estar presentes os oficiais de justi\u00e7a membros do Conselho).<\/span><\/p>\t\t\t\t\t\t\t\t<\/div>\n\t\t\t\t\t<\/div>\n\t\t\t\t<\/div>\n\t\t<div class=\"elementor-element elementor-element-74f0403 e-flex e-con-boxed wpr-particle-no wpr-jarallax-no wpr-parallax-no wpr-sticky-section-no e-con e-parent\" data-id=\"74f0403\" data-element_type=\"container\" data-e-type=\"container\" data-settings=\"{&quot;background_background&quot;:&quot;gradient&quot;}\">\n\t\t\t\t\t<div class=\"e-con-inner\">\n\t\t\t\t<div class=\"elementor-element elementor-element-2652d20 elementor-widget__width-initial elementor-widget elementor-widget-text-editor\" data-id=\"2652d20\" data-element_type=\"widget\" data-e-type=\"widget\" data-widget_type=\"text-editor.default\">\n\t\t\t\t\t\t\t\t\t<h1><span style=\"color: #000000;\"><strong>Sess\u00f5es<\/strong><\/span><\/h1>\t\t\t\t\t\t\t\t<\/div>\n\t\t\t\t\t<\/div>\n\t\t\t\t<\/div>\n\t\t<div class=\"elementor-element elementor-element-aad6541 e-flex e-con-boxed wpr-particle-no wpr-jarallax-no wpr-parallax-no wpr-sticky-section-no e-con e-parent\" data-id=\"aad6541\" data-element_type=\"container\" data-e-type=\"container\">\n\t\t\t\t\t<div class=\"e-con-inner\">\n\t\t\t\t<div class=\"elementor-element elementor-element-41bd4ff elementor-widget elementor-widget-text-editor\" data-id=\"41bd4ff\" data-element_type=\"widget\" data-e-type=\"widget\" data-widget_type=\"text-editor.default\">\n\t\t\t\t\t\t\t\t\t<p><span style=\"color: #000000;\">A Comiss\u00e3o Permanente re\u00fane ordinariamente 2 vezes por m\u00eas, isto e, de 15 a 15 dias e extraordinariamente sempre que for convocado pelo Presidente.<\/span><\/p>\t\t\t\t\t\t\t\t<\/div>\n\t\t\t\t\t<\/div>\n\t\t\t\t<\/div>\n\t\t\t\t<\/div>\n\t\t","protected":false},"excerpt":{"rendered":"<p>Composi\u00e7\u00e3o A Comiss\u00e3o Permanente \u00e9 composta por seis membros, sendo tr\u00eas magistrados judiciais, um dos membros designados pelo Presidente da Rep\u00fablica, dois membros eleitos pela Assembleia da Rep\u00fablica, al\u00e9m do Presidente e do Vice-Presidente. Os membros da Comiss\u00e3o Permanente s\u00e3o eleitos na primeira sess\u00e3o plen\u00e1ria. Compet\u00eancias \u00c0 Comiss\u00e3o Permanente compete, no intervalo entre as sess\u00f5es plen\u00e1rias: nomear, colocar, transferir, promover, exonerar, apreciar o m\u00e9rito profissional, exercer a ac\u00e7\u00e3o disciplinar e praticar os actos de id\u00eantica natureza respeitantes aos Ju\u00edzes de Direito; analisar o projecto de or\u00e7amento anual do Conselho Superior da Magistratura Judicial; executar as delibera\u00e7\u00f5es do Plen\u00e1rio e exercer as fun\u00e7\u00f5es que lhe tiverem sido delegadas; apreciar o m\u00e9rito profissional e exercer a ac\u00e7\u00e3o disciplinar\u00a0 sobre os oficiais de justi\u00e7a (devendo estar presentes os oficiais de justi\u00e7a membros do Conselho). Sess\u00f5es A Comiss\u00e3o Permanente re\u00fane ordinariamente 2 vezes por m\u00eas, isto e, de 15 a 15 dias e extraordinariamente sempre que for convocado pelo Presidente.<\/p>\n","protected":false},"author":12,"featured_media":0,"parent":0,"menu_order":0,"comment_status":"closed","ping_status":"closed","template":"","meta":{"footnotes":""},"class_list":["post-2264","page","type-page","status-publish","hentry"],"_links":{"self":[{"href":"https:\/\/csmj.gov.mz\/index.php?rest_route=\/wp\/v2\/pages\/2264","targetHints":{"allow":["GET"]}}],"collection":[{"href":"https:\/\/csmj.gov.mz\/index.php?rest_route=\/wp\/v2\/pages"}],"about":[{"href":"https:\/\/csmj.gov.mz\/index.php?rest_route=\/wp\/v2\/types\/page"}],"author":[{"embeddable":true,"href":"https:\/\/csmj.gov.mz\/index.php?rest_route=\/wp\/v2\/users\/12"}],"replies":[{"embeddable":true,"href":"https:\/\/csmj.gov.mz\/index.php?rest_route=%2Fwp%2Fv2%2Fcomments&post=2264"}],"version-history":[{"count":18,"href":"https:\/\/csmj.gov.mz\/index.php?rest_route=\/wp\/v2\/pages\/2264\/revisions"}],"predecessor-version":[{"id":2852,"href":"https:\/\/csmj.gov.mz\/index.php?rest_route=\/wp\/v2\/pages\/2264\/revisions\/2852"}],"wp:attachment":[{"href":"https:\/\/csmj.gov.mz\/index.php?rest_route=%2Fwp%2Fv2%2Fmedia&parent=2264"}],"curies":[{"name":"wp","href":"https:\/\/api.w.org\/{rel}","templated":true}]}}

Comissão permanente

<div data-elementor-type="wp-page" data-elementor-id="2264" class="elementor elementor-2264">
				<div class="elementor-element elementor-element-716019e e-flex e-con-boxed wpr-particle-no wpr-jarallax-no wpr-parallax-no wpr-sticky-section-no e-con e-parent" data-id="716019e" data-element_type="container" data-e-type="container" data-settings="{&quot;background_background&quot;:&quot;gradient&quot;}">
					<div class="e-con-inner">
				<div class="elementor-element elementor-element-df9b581 elementor-widget__width-initial elementor-widget elementor-widget-text-editor" data-id="df9b581" data-element_type="widget" data-e-type="widget" data-widget_type="text-editor.default">
									<h1><span style="color: #000000;"><strong>Composição</strong></span></h1>								</div>
					</div>
				</div>
		<div class="elementor-element elementor-element-71bfdcd e-flex e-con-boxed wpr-particle-no wpr-jarallax-no wpr-parallax-no wpr-sticky-section-no e-con e-parent" data-id="71bfdcd" data-element_type="container" data-e-type="container">
					<div class="e-con-inner">
				<div class="elementor-element elementor-element-ca22e91 elementor-widget elementor-widget-text-editor" data-id="ca22e91" data-element_type="widget" data-e-type="widget" data-widget_type="text-editor.default">
									<p><span style="color: #000000;">A Comissão Permanente é composta por seis membros, sendo três magistrados judiciais, um dos membros designados pelo Presidente da República, dois membros eleitos pela Assembleia da República, além do Presidente e do Vice-Presidente.</span></p><p><span style="color: #000000;">Os membros da Comissão Permanente são eleitos na primeira sessão plenária.</span></p>								</div>
					</div>
				</div>
		<div class="elementor-element elementor-element-76eda1c e-flex e-con-boxed wpr-particle-no wpr-jarallax-no wpr-parallax-no wpr-sticky-section-no e-con e-parent" data-id="76eda1c" data-element_type="container" data-e-type="container" data-settings="{&quot;background_background&quot;:&quot;gradient&quot;}">
					<div class="e-con-inner">
				<div class="elementor-element elementor-element-942affe elementor-widget__width-initial elementor-widget elementor-widget-text-editor" data-id="942affe" data-element_type="widget" data-e-type="widget" data-widget_type="text-editor.default">
									<h1><span style="color: #000000;"><strong>Competências</strong></span></h1>								</div>
					</div>
				</div>
		<div class="elementor-element elementor-element-916802a e-flex e-con-boxed wpr-particle-no wpr-jarallax-no wpr-parallax-no wpr-sticky-section-no e-con e-parent" data-id="916802a" data-element_type="container" data-e-type="container">
					<div class="e-con-inner">
				<div class="elementor-element elementor-element-82b09cd elementor-widget elementor-widget-text-editor" data-id="82b09cd" data-element_type="widget" data-e-type="widget" data-widget_type="text-editor.default">
									<p><span style="color: #000000;">À Comissão Permanente compete, no intervalo entre as sessões plenárias:</span></p><ul class="wp-block-list"><li><span style="color: #000000;">nomear, colocar, transferir, promover, exonerar, apreciar o mérito profissional, exercer a acção disciplinar e praticar os actos de idêntica natureza respeitantes aos Juízes de Direito;</span></li></ul><ul class="wp-block-list"><li><span style="color: #000000;">analisar o projecto de orçamento anual do Conselho Superior da Magistratura Judicial;</span></li></ul><ul class="wp-block-list"><li><span style="color: #000000;">executar as deliberações do Plenário e exercer as funções que lhe tiverem sido delegadas;</span></li></ul><p><span style="color: #000000;">apreciar o mérito profissional e exercer a acção disciplinar  sobre os oficiais de justiça (devendo estar presentes os oficiais de justiça membros do Conselho).</span></p>								</div>
					</div>
				</div>
		<div class="elementor-element elementor-element-74f0403 e-flex e-con-boxed wpr-particle-no wpr-jarallax-no wpr-parallax-no wpr-sticky-section-no e-con e-parent" data-id="74f0403" data-element_type="container" data-e-type="container" data-settings="{&quot;background_background&quot;:&quot;gradient&quot;}">
					<div class="e-con-inner">
				<div class="elementor-element elementor-element-2652d20 elementor-widget__width-initial elementor-widget elementor-widget-text-editor" data-id="2652d20" data-element_type="widget" data-e-type="widget" data-widget_type="text-editor.default">
									<h1><span style="color: #000000;"><strong>Sessões</strong></span></h1>								</div>
					</div>
				</div>
		<div class="elementor-element elementor-element-aad6541 e-flex e-con-boxed wpr-particle-no wpr-jarallax-no wpr-parallax-no wpr-sticky-section-no e-con e-parent" data-id="aad6541" data-element_type="container" data-e-type="container">
					<div class="e-con-inner">
				<div class="elementor-element elementor-element-41bd4ff elementor-widget elementor-widget-text-editor" data-id="41bd4ff" data-element_type="widget" data-e-type="widget" data-widget_type="text-editor.default">
									<p><span style="color: #000000;">A Comissão Permanente reúne ordinariamente 2 vezes por mês, isto e, de 15 a 15 dias e extraordinariamente sempre que for convocado pelo Presidente.</span></p>								</div>
					</div>
				</div>
				</div>

<p>Composição A Comissão Permanente é composta por seis membros, sendo três magistrados judiciais, um dos membros designados pelo Presidente da República, dois membros eleitos pela Assembleia da República, além do Presidente e do Vice-Presidente. Os membros da Comissão Permanente são eleitos na primeira sessão plenária. Competências À Comissão Permanente compete, no intervalo entre as sessões plenárias: nomear, colocar, transferir, promover, exonerar, apreciar o mérito profissional, exercer a acção disciplinar e praticar os actos de idêntica natureza respeitantes aos Juízes de Direito; analisar o projecto de orçamento anual do Conselho Superior da Magistratura Judicial; executar as deliberações do Plenário e exercer as funções que lhe tiverem sido delegadas; apreciar o mérito profissional e exercer a acção disciplinar  sobre os oficiais de justiça (devendo estar presentes os oficiais de justiça membros do Conselho). Sessões A Comissão Permanente reúne ordinariamente 2 vezes por mês, isto e, de 15 a 15 dias e extraordinariamente sempre que for convocado pelo Presidente.</p>
