{"id":1716,"date":"2026-02-16T08:28:17","date_gmt":"2026-02-16T08:28:17","guid":{"rendered":"https:\/\/csmj.gov.mz\/?page_id=1716"},"modified":"2026-02-18T12:38:13","modified_gmt":"2026-02-18T12:38:13","slug":"inic","status":"publish","type":"page","link":"https:\/\/csmj.gov.mz\/?page_id=1716","title":{"rendered":"inic"},"content":{"rendered":"\t\t<div data-elementor-type=\"wp-page\" data-elementor-id=\"1716\" class=\"elementor elementor-1716\">\n\t\t\t\t<div class=\"elementor-element elementor-element-c5c3c06 e-con-full e-flex wpr-particle-no wpr-jarallax-no wpr-parallax-no wpr-sticky-section-no e-con e-parent\" data-id=\"c5c3c06\" data-element_type=\"container\" data-e-type=\"container\">\n\t\t\t\t<div class=\"elementor-element elementor-element-3e82262 elementor-widget__width-initial wpr-grid-columns-3 wpr-grid-columns--tablet2 wpr-grid-columns--mobile1 wpr-grid-pagination-center wpr-item-styles-inner elementor-widget elementor-widget-wpr-grid\" data-id=\"3e82262\" data-element_type=\"widget\" data-e-type=\"widget\" data-widget_type=\"wpr-grid.default\">\n\t\t\t\t\t<ul class=\"wpr-grid-filters elementor-clearfix wpr-grid-filters-sep-right\"><li class=\" wpr-pointer-none wpr-pointer-line-fx wpr-pointer-fx-none\"><span  data-filter=\"*\" class=\"wpr-grid-filters-item wpr-active-filter \">All Posts<\/span><em class=\"wpr-grid-filters-sep\"><\/em><\/li><li class=\" wpr-pointer-none wpr-pointer-line-fx wpr-pointer-fx-none\"><span   data-ajax-filter=[\"category\",\"internacional\"]  data-filter=\".category-internacional\">Noticia Internacional<\/span><em class=\"wpr-grid-filters-sep\"><\/em><\/li><li class=\" wpr-pointer-none wpr-pointer-line-fx wpr-pointer-fx-none\"><span   data-ajax-filter=[\"category\",\"nacional\"]  data-filter=\".category-nacional\">Noticia Nacional<\/span><em class=\"wpr-grid-filters-sep\"><\/em><\/li><\/ul><section class=\"wpr-grid elementor-clearfix\" data-settings=\"{&quot;layout&quot;:&quot;fitRows&quot;,&quot;stick_last_element_to_bottom&quot;:&quot;&quot;,&quot;columns_desktop&quot;:3,&quot;gutter_hr&quot;:15,&quot;gutter_hr_mobile&quot;:15,&quot;gutter_hr_mobile_extra&quot;:15,&quot;gutter_hr_tablet&quot;:15,&quot;gutter_hr_tablet_extra&quot;:15,&quot;gutter_hr_laptop&quot;:15,&quot;gutter_hr_widescreen&quot;:15,&quot;gutter_vr&quot;:15,&quot;gutter_vr_mobile&quot;:15,&quot;gutter_vr_mobile_extra&quot;:15,&quot;gutter_vr_tablet&quot;:15,&quot;gutter_vr_tablet_extra&quot;:15,&quot;gutter_vr_laptop&quot;:15,&quot;gutter_vr_widescreen&quot;:15,&quot;animation&quot;:&quot;default&quot;,&quot;animation_duration&quot;:0.3,&quot;animation_delay&quot;:0.1,&quot;deeplinking&quot;:&quot;&quot;,&quot;filters_linkable&quot;:&quot;no&quot;,&quot;filters_default_filter&quot;:&quot;&quot;,&quot;filters_count&quot;:&quot;&quot;,&quot;filters_hide_empty&quot;:&quot;no&quot;,&quot;filters_animation&quot;:&quot;default&quot;,&quot;filters_animation_duration&quot;:0.3,&quot;filters_animation_delay&quot;:0.1,&quot;pagination_type&quot;:&quot;load-more&quot;,&quot;pagination_max_pages&quot;:2,&quot;lightbox&quot;:{&quot;selector&quot;:&quot;.wpr-grid-image-wrap&quot;,&quot;iframeMaxWidth&quot;:&quot;60%&quot;,&quot;hash&quot;:false,&quot;autoplay&quot;:&quot;true&quot;,&quot;pause&quot;:5000,&quot;progressBar&quot;:&quot;true&quot;,&quot;counter&quot;:&quot;true&quot;,&quot;controls&quot;:&quot;true&quot;,&quot;getCaptionFromTitleOrAlt&quot;:&quot;true&quot;,&quot;thumbnail&quot;:&quot;&quot;,&quot;showThumbByDefault&quot;:&quot;&quot;,&quot;share&quot;:&quot;&quot;,&quot;zoom&quot;:&quot;true&quot;,&quot;fullScreen&quot;:&quot;true&quot;,&quot;download&quot;:&quot;true&quot;}}\" data-advanced-filters=\"no\"><article class=\"wpr-grid-item elementor-clearfix post-1189 post type-post status-publish format-standard has-post-thumbnail hentry category-nacional\"><div class=\"wpr-grid-item-inner\"><div class=\"wpr-grid-media-wrap wpr-effect-size-medium \" data-overlay-link=\"yes\"><div class=\"wpr-grid-image-wrap\" data-src=\"https:\/\/csmj.gov.mz\/wp-content\/uploads\/2025\/12\/foto.jpg\" data-img-on-hover=\"\"  data-src-secondary=\"\"><img decoding=\"async\" data-no-lazy=\"1\" src=\"https:\/\/csmj.gov.mz\/wp-content\/uploads\/2025\/12\/foto.jpg\" alt=\"Tomada de posse dos membros de CSMJ para o mandato 2024-2029\" class=\"wpr-anim-timing-ease-default\"><\/div><div class=\"wpr-grid-media-hover wpr-animation-wrap\"><div class=\"wpr-grid-media-hover-bg  wpr-overlay-fade-in wpr-anim-size-large wpr-anim-timing-ease-default wpr-anim-transparency\" data-url=\"https:\/\/csmj.gov.mz\/?p=1189\"><\/div><\/div><\/div><div class=\"wpr-grid-item-below-content elementor-clearfix\"><h2 class=\"wpr-grid-item-title elementor-repeater-item-672a0e6 wpr-grid-item-display-block wpr-grid-item-align-left wpr-pointer-none wpr-pointer-line-fx wpr-pointer-fx-fade\"><div class=\"inner-block\"><a target=\"_self\"  href=\"https:\/\/csmj.gov.mz\/?p=1189\">Tomada de posse dos membros de CSMJ para o mandato 2024-2029<\/a><\/div><\/h2><div class=\"wpr-grid-item-excerpt elementor-repeater-item-a8df299 wpr-grid-item-display-block wpr-grid-item-align-left\"><div class=\"inner-block\"><p>O Presidente do Conselho Superior da Magistratura Judicial,\u00a0Adelino Manuel Muchanga, conferiu posse, no dia 14 de Outubro de 2024, em...<\/p><\/div><\/div><div class=\"wpr-grid-item-read-more elementor-repeater-item-95e3d52 wpr-grid-item-display-block wpr-grid-item-align-center\"><div class=\"inner-block\"><a target=\"_self\" href=\"https:\/\/csmj.gov.mz\/?p=1189\" class=\"wpr-button-effect wpr-button-none\"><span>Ler Mais<\/span><\/a><\/div><\/div><\/div><\/div><\/article><article class=\"wpr-grid-item elementor-clearfix post-473 post type-post status-publish format-standard has-post-thumbnail hentry category-nacional\"><div class=\"wpr-grid-item-inner\"><div class=\"wpr-grid-media-wrap wpr-effect-size-medium \" data-overlay-link=\"yes\"><div class=\"wpr-grid-image-wrap\" data-src=\"https:\/\/csmj.gov.mz\/wp-content\/uploads\/2021\/08\/posse.png\" data-img-on-hover=\"\"  data-src-secondary=\"\"><img decoding=\"async\" data-no-lazy=\"1\" src=\"https:\/\/csmj.gov.mz\/wp-content\/uploads\/2021\/08\/posse.png\" alt=\"Dia da Legalidade\" class=\"wpr-anim-timing-ease-default\"><\/div><div class=\"wpr-grid-media-hover wpr-animation-wrap\"><div class=\"wpr-grid-media-hover-bg  wpr-overlay-fade-in wpr-anim-size-large wpr-anim-timing-ease-default wpr-anim-transparency\" data-url=\"https:\/\/csmj.gov.mz\/?p=473\"><\/div><\/div><\/div><div class=\"wpr-grid-item-below-content elementor-clearfix\"><h2 class=\"wpr-grid-item-title elementor-repeater-item-672a0e6 wpr-grid-item-display-block wpr-grid-item-align-left wpr-pointer-none wpr-pointer-line-fx wpr-pointer-fx-fade\"><div class=\"inner-block\"><a target=\"_self\"  href=\"https:\/\/csmj.gov.mz\/?p=473\">Dia da Legalidade<\/a><\/div><\/h2><div class=\"wpr-grid-item-excerpt elementor-repeater-item-a8df299 wpr-grid-item-display-block wpr-grid-item-align-left\"><div class=\"inner-block\"><p>Comemora-se no pr\u00f3ximo dia 05 de Novembro o dia da legalidade sob o lema \u201c40 anos em prol da Garantia...<\/p><\/div><\/div><div class=\"wpr-grid-item-read-more elementor-repeater-item-95e3d52 wpr-grid-item-display-block wpr-grid-item-align-center\"><div class=\"inner-block\"><a target=\"_self\" href=\"https:\/\/csmj.gov.mz\/?p=473\" class=\"wpr-button-effect wpr-button-none\"><span>Ler Mais<\/span><\/a><\/div><\/div><\/div><\/div><\/article><article class=\"wpr-grid-item elementor-clearfix post-1584 post type-post status-publish format-standard has-post-thumbnail hentry category-nacional\"><div class=\"wpr-grid-item-inner\"><div class=\"wpr-grid-media-wrap wpr-effect-size-medium \" data-overlay-link=\"yes\"><div class=\"wpr-grid-image-wrap\" data-src=\"https:\/\/csmj.gov.mz\/wp-content\/uploads\/2026\/02\/Inauguracap-do-TJudicial-P-rovincial-Maputo-1024x683-1.jpg\" data-img-on-hover=\"\"  data-src-secondary=\"\"><img decoding=\"async\" data-no-lazy=\"1\" src=\"https:\/\/csmj.gov.mz\/wp-content\/uploads\/2026\/02\/Inauguracap-do-TJudicial-P-rovincial-Maputo-1024x683-1.jpg\" alt=\"Inaugura\u00e7\u00e3o do Tribunal Judicial da Prov\u00edncia Maputo\" class=\"wpr-anim-timing-ease-default\"><\/div><div class=\"wpr-grid-media-hover wpr-animation-wrap\"><div class=\"wpr-grid-media-hover-bg  wpr-overlay-fade-in wpr-anim-size-large wpr-anim-timing-ease-default wpr-anim-transparency\" data-url=\"https:\/\/csmj.gov.mz\/?p=1584\"><\/div><\/div><\/div><div class=\"wpr-grid-item-below-content elementor-clearfix\"><h2 class=\"wpr-grid-item-title elementor-repeater-item-672a0e6 wpr-grid-item-display-block wpr-grid-item-align-left wpr-pointer-none wpr-pointer-line-fx wpr-pointer-fx-fade\"><div class=\"inner-block\"><a target=\"_self\"  href=\"https:\/\/csmj.gov.mz\/?p=1584\">Inaugura\u00e7\u00e3o do Tribunal Judicial da Prov\u00edncia Maputo<\/a><\/div><\/h2><div class=\"wpr-grid-item-read-more elementor-repeater-item-95e3d52 wpr-grid-item-display-block wpr-grid-item-align-center\"><div class=\"inner-block\"><a target=\"_self\" href=\"https:\/\/csmj.gov.mz\/?p=1584\" class=\"wpr-button-effect wpr-button-none\"><span>Ler Mais<\/span><\/a><\/div><\/div><\/div><\/div><\/article><article class=\"wpr-grid-item elementor-clearfix post-1582 post type-post status-publish format-standard has-post-thumbnail hentry category-nacional\"><div class=\"wpr-grid-item-inner\"><div class=\"wpr-grid-media-wrap wpr-effect-size-medium \" data-overlay-link=\"yes\"><div class=\"wpr-grid-image-wrap\" data-src=\"https:\/\/csmj.gov.mz\/wp-content\/uploads\/2026\/02\/IMG_7648-scaled.jpg\" data-img-on-hover=\"\"  data-src-secondary=\"\"><img decoding=\"async\" data-no-lazy=\"1\" src=\"https:\/\/csmj.gov.mz\/wp-content\/uploads\/2026\/02\/IMG_7648-scaled.jpg\" alt=\"Comiss\u00e3o Permanente do dia 06\/02\/2025\" class=\"wpr-anim-timing-ease-default\"><\/div><div class=\"wpr-grid-media-hover wpr-animation-wrap\"><div class=\"wpr-grid-media-hover-bg  wpr-overlay-fade-in wpr-anim-size-large wpr-anim-timing-ease-default wpr-anim-transparency\" data-url=\"https:\/\/csmj.gov.mz\/?p=1582\"><\/div><\/div><\/div><div class=\"wpr-grid-item-below-content elementor-clearfix\"><h2 class=\"wpr-grid-item-title elementor-repeater-item-672a0e6 wpr-grid-item-display-block wpr-grid-item-align-left wpr-pointer-none wpr-pointer-line-fx wpr-pointer-fx-fade\"><div class=\"inner-block\"><a target=\"_self\"  href=\"https:\/\/csmj.gov.mz\/?p=1582\">Comiss\u00e3o Permanente do dia 06\/02\/2025<\/a><\/div><\/h2><div class=\"wpr-grid-item-excerpt elementor-repeater-item-a8df299 wpr-grid-item-display-block wpr-grid-item-align-left\"><div class=\"inner-block\"><p>O Os membros da Comiss\u00e3o Permanente do CSMJ, estiveram reunidos na sua primeira sess\u00e3o ordin\u00e1ria do presente ano. O evento...<\/p><\/div><\/div><div class=\"wpr-grid-item-read-more elementor-repeater-item-95e3d52 wpr-grid-item-display-block wpr-grid-item-align-center\"><div class=\"inner-block\"><a target=\"_self\" href=\"https:\/\/csmj.gov.mz\/?p=1582\" class=\"wpr-button-effect wpr-button-none\"><span>Ler Mais<\/span><\/a><\/div><\/div><\/div><\/div><\/article><article class=\"wpr-grid-item elementor-clearfix post-477 post type-post status-publish format-standard has-post-thumbnail hentry category-nacional\"><div class=\"wpr-grid-item-inner\"><div class=\"wpr-grid-media-wrap wpr-effect-size-medium \" data-overlay-link=\"yes\"><div class=\"wpr-grid-image-wrap\" data-src=\"https:\/\/csmj.gov.mz\/wp-content\/uploads\/2021\/08\/IMG_5940-scaled-e1630577014209.jpg\" data-img-on-hover=\"\"  data-src-secondary=\"\"><img decoding=\"async\" data-no-lazy=\"1\" src=\"https:\/\/csmj.gov.mz\/wp-content\/uploads\/2021\/08\/IMG_5940-scaled-e1630577014209.jpg\" alt=\"Tomada de posse de novos Ju\u00edzes Desembargadores\" class=\"wpr-anim-timing-ease-default\"><\/div><div class=\"wpr-grid-media-hover wpr-animation-wrap\"><div class=\"wpr-grid-media-hover-bg  wpr-overlay-fade-in wpr-anim-size-large wpr-anim-timing-ease-default wpr-anim-transparency\" data-url=\"https:\/\/csmj.gov.mz\/?p=477\"><\/div><\/div><\/div><div class=\"wpr-grid-item-below-content elementor-clearfix\"><h2 class=\"wpr-grid-item-title elementor-repeater-item-672a0e6 wpr-grid-item-display-block wpr-grid-item-align-left wpr-pointer-none wpr-pointer-line-fx wpr-pointer-fx-fade\"><div class=\"inner-block\"><a target=\"_self\"  href=\"https:\/\/csmj.gov.mz\/?p=477\">Tomada de posse de novos Ju\u00edzes Desembargadores<\/a><\/div><\/h2><div class=\"wpr-grid-item-excerpt elementor-repeater-item-a8df299 wpr-grid-item-display-block wpr-grid-item-align-left\"><div class=\"inner-block\"><p>Realizou-se, no dia 31 de Mar\u00e7o de 2017, no Tribunal Supremo, a cerim\u00f3nia de tomada de posse de 16 novos...<\/p><\/div><\/div><div class=\"wpr-grid-item-read-more elementor-repeater-item-95e3d52 wpr-grid-item-display-block wpr-grid-item-align-center\"><div class=\"inner-block\"><a target=\"_self\" href=\"https:\/\/csmj.gov.mz\/?p=477\" class=\"wpr-button-effect wpr-button-none\"><span>Ler Mais<\/span><\/a><\/div><\/div><\/div><\/div><\/article><article class=\"wpr-grid-item elementor-clearfix post-475 post type-post status-publish format-standard has-post-thumbnail hentry category-nacional\"><div class=\"wpr-grid-item-inner\"><div class=\"wpr-grid-media-wrap wpr-effect-size-medium \" data-overlay-link=\"yes\"><div class=\"wpr-grid-image-wrap\" data-src=\"https:\/\/csmj.gov.mz\/wp-content\/uploads\/2021\/08\/IMG_7519-scaled.jpg\" data-img-on-hover=\"\"  data-src-secondary=\"\"><img decoding=\"async\" data-no-lazy=\"1\" src=\"https:\/\/csmj.gov.mz\/wp-content\/uploads\/2021\/08\/IMG_7519-scaled.jpg\" alt=\"Celebra\u00e7\u00e3o do Dia 07 de Abril, dia da Mulher mo\u00e7ambicana\" class=\"wpr-anim-timing-ease-default\"><\/div><div class=\"wpr-grid-media-hover wpr-animation-wrap\"><div class=\"wpr-grid-media-hover-bg  wpr-overlay-fade-in wpr-anim-size-large wpr-anim-timing-ease-default wpr-anim-transparency\" data-url=\"https:\/\/csmj.gov.mz\/?p=475\"><\/div><\/div><\/div><div class=\"wpr-grid-item-below-content elementor-clearfix\"><h2 class=\"wpr-grid-item-title elementor-repeater-item-672a0e6 wpr-grid-item-display-block wpr-grid-item-align-left wpr-pointer-none wpr-pointer-line-fx wpr-pointer-fx-fade\"><div class=\"inner-block\"><a target=\"_self\"  href=\"https:\/\/csmj.gov.mz\/?p=475\">Celebra\u00e7\u00e3o do Dia 07 de Abril, dia da Mulher mo\u00e7ambicana<\/a><\/div><\/h2><div class=\"wpr-grid-item-excerpt elementor-repeater-item-a8df299 wpr-grid-item-display-block wpr-grid-item-align-left\"><div class=\"inner-block\"><p>O&nbsp;Dia da Mulher Mo\u00e7ambicana&nbsp;\u00e9 um&nbsp;feriado&nbsp;oficial em&nbsp;Mo\u00e7ambique, celebrado a&nbsp;7 de Abril, anivers\u00e1rio da morte de&nbsp;Josina Machel, segunda esposa de&nbsp;Samora Machel, primeiro...<\/p><\/div><\/div><div class=\"wpr-grid-item-read-more elementor-repeater-item-95e3d52 wpr-grid-item-display-block wpr-grid-item-align-center\"><div class=\"inner-block\"><a target=\"_self\" href=\"https:\/\/csmj.gov.mz\/?p=475\" class=\"wpr-button-effect wpr-button-none\"><span>Ler Mais<\/span><\/a><\/div><\/div><\/div><\/div><\/article><\/section><div class=\"wpr-grid-pagination elementor-clearfix wpr-grid-pagination-load-more\" data-pages=\"2\"><a href=\"https:\/\/csmj.gov.mz\/index.php?rest_route=%2Fwp%2Fv2%2Fpages%2F1716&#038;paged=2\" class=\"wpr-load-more-btn\" data-e-disable-page-transition >Load More<\/a><div class=\"wpr-pagination-loading\"><div class=\"wpr-double-bounce\"><div class=\"wpr-child wpr-double-bounce1\"><\/div><div class=\"wpr-child wpr-double-bounce2\"><\/div><\/div><\/div><p class=\"wpr-pagination-finish\">End of Content.<\/p><\/div>\t\t\t\t<\/div>\n\t\t\t\t<\/div>\n\t\t\t\t<\/div>\n\t\t","protected":false},"excerpt":{"rendered":"<p>All Posts Noticia Internacional Noticia Nacional Inaugura\u00e7\u00e3o do Tribunal Judicial da Prov\u00edncia Maputo Ler Mais Comiss\u00e3o Permanente do dia 06\/02\/2025 O Os membros da Comiss\u00e3o Permanente do CSMJ, estiveram reunidos na sua primeira sess\u00e3o ordin\u00e1ria do presente ano. O evento&#8230; Ler Mais Tomada de posse dos membros de CSMJ para o mandato 2024-2029 O Presidente do Conselho Superior da Magistratura Judicial,\u00a0Adelino Manuel Muchanga, conferiu posse, no dia 14 de Outubro de 2024, em&#8230; Ler Mais Tomada de posse de novos Ju\u00edzes Desembargadores Realizou-se, no dia 31 de Mar\u00e7o de 2017, no Tribunal Supremo, a cerim\u00f3nia de tomada de posse de 16 novos&#8230; Ler Mais Celebra\u00e7\u00e3o do Dia 07 de Abril, dia da Mulher mo\u00e7ambicana O&nbsp;Dia da Mulher Mo\u00e7ambicana&nbsp;\u00e9 um&nbsp;feriado&nbsp;oficial em&nbsp;Mo\u00e7ambique, celebrado a&nbsp;7 de Abril, anivers\u00e1rio da morte de&nbsp;Josina Machel, segunda esposa de&nbsp;Samora Machel, primeiro&#8230; Ler Mais Dia da Legalidade Comemora-se no pr\u00f3ximo dia 05 de Novembro o dia da legalidade sob o lema \u201c40 anos em prol da Garantia&#8230; Ler Mais Load More End of Content.<\/p>\n","protected":false},"author":1,"featured_media":0,"parent":0,"menu_order":0,"comment_status":"closed","ping_status":"closed","template":"","meta":{"footnotes":""},"class_list":["post-1716","page","type-page","status-publish","hentry"],"_links":{"self":[{"href":"https:\/\/csmj.gov.mz\/index.php?rest_route=\/wp\/v2\/pages\/1716","targetHints":{"allow":["GET"]}}],"collection":[{"href":"https:\/\/csmj.gov.mz\/index.php?rest_route=\/wp\/v2\/pages"}],"about":[{"href":"https:\/\/csmj.gov.mz\/index.php?rest_route=\/wp\/v2\/types\/page"}],"author":[{"embeddable":true,"href":"https:\/\/csmj.gov.mz\/index.php?rest_route=\/wp\/v2\/users\/1"}],"replies":[{"embeddable":true,"href":"https:\/\/csmj.gov.mz\/index.php?rest_route=%2Fwp%2Fv2%2Fcomments&post=1716"}],"version-history":[{"count":26,"href":"https:\/\/csmj.gov.mz\/index.php?rest_route=\/wp\/v2\/pages\/1716\/revisions"}],"predecessor-version":[{"id":1814,"href":"https:\/\/csmj.gov.mz\/index.php?rest_route=\/wp\/v2\/pages\/1716\/revisions\/1814"}],"wp:attachment":[{"href":"https:\/\/csmj.gov.mz\/index.php?rest_route=%2Fwp%2Fv2%2Fmedia&parent=1716"}],"curies":[{"name":"wp","href":"https:\/\/api.w.org\/{rel}","templated":true}]}}